m - 30 = -5*k + m. Suppose 55 = 5*s - 5*p, -k*p = -0*p + 8. Is s prime?
True
Is 24/(-18)*5532/(-8) prime?
False
Let u(z) = 77*z + 3. Let j be u(-5). Let v = j - -561. Is v a prime number?
True
Suppose 71 - 2 = 23*y. Is y prime?
True
Suppose -4 = -4*n - 4*b + 8, -2*n = b - 5. Is (18/4 + n)*46 composite?
True
Is -3452*75/(-20) - -10 prime?
False
Suppose -9*t = -21998 - 7099. Is t prime?
False
Let v = 589 - 297. Let b = 433 - v. Is b a prime number?
False
Suppose 10 = 3*w + 4. Suppose -w*a = 4*d, -a - d = -3 + 1. Suppose 0 = -a*q + 5*r + 837, -3*r = 2*q - 6*r - 417. Is q a prime number?
False
Suppose -7*v + 81017 = 2*h - 4*v, 0 = -5*h - 4*v + 202539. Is h prime?
True
Suppose 3*d - 3*h - 11466 = 0, -5*h = 5*d - 2*h - 19102. Is d a prime number?
True
Suppose -10*c = -c - 16191. Is c a composite number?
True
Let q be -1 + -2 + 12/4. Suppose 2*r = -q*r + 6. Suppose r*y - 36 = 102. Is y a composite number?
True
Let w be (-1)/(22/(-10) + 2). Suppose -42 = 52*d - 66*d. Is 949/65 - d/w a prime number?
False
Suppose -k + 4 + 0 = 0. Suppose 5*l + 9 + 1 = -p, -k*l - 3*p + 3 = 0. Is (-1)/(l/9) + 66 a composite number?
True
Let z = -386 - -793. Is z a prime number?
False
Let n be -1 + (-106)/(-1) - (-51 - -53). Let r = n + -9. Is r composite?
True
Let i(x) = 6*x**3 - 8*x**2 - 2*x + 15. Is i(10) prime?
False
Let r = -43793 - -139636. Is r a prime number?
False
Let s be (2519/3)/(5*(-5)/(-75)). Suppose 12613 = 2*c + 3*c + 4*f, -c + f = -s. Is c composite?
False
Suppose -17308 = -37*u + 33*u. Is u prime?
True
Suppose -m = -2*m + 20. Let k(i) = 19*i + 17. Is k(m) a composite number?
False
Let d = 593 + -842. Let x = 46 - d. Is x a prime number?
False
Let p = 1342 + 108. Let a = p - 815. Is a a prime number?
False
Suppose 0 - 1 = -s. Let q(t) = 6*t**3 - 2*t - 5. Let c be q(-4). Is c/(9/(-3))*s prime?
True
Suppose 3*j = -4 + 10. Suppose 10*t = -j*t + 54996. Is t a composite number?
False
Let p(a) = a**3 + 10*a**2 - 12*a - 7. Let c be p(-11). Is 4*((-3213)/(-12) + c) composite?
False
Suppose -3*h + 2092 = 4*r, -2*h - r + 287 = -1116. Let o = h + -387. Is o a composite number?
False
Let s = -9 - -4. Let o(h) = -5*h + 5 + 0 - 6 - 1. Is o(s) composite?
False
Let o(r) = -1960*r - 401. Is o(-13) a prime number?
False
Let z = -18 - -18. Suppose 2425 = 5*c - z*c. Is c a prime number?
False
Suppose 4*h = 8 + 8. Suppose 0 = t + 3*u - 2 + 5, 0 = 4*t + h*u - 4. Suppose -2*c + 69 = 4*l - 649, 0 = 5*l + t*c - 898. Is l composite?
False
Suppose 0 = 3*v - 48606 - 96543. Is v a composite number?
False
Is (2/(4 + 2))/((-5)/(-18195)) a prime number?
True
Let l(u) = -2*u**3 - 16*u**2 + u + 10. Let t be l(-8). Suppose 10444 = 6*r - t*r. Is r a prime number?
False
Let c = 4935 - -554. Is c composite?
True
Suppose 2*j = 4*r - 4, 0 = -2*j + 5*r + 1 - 10. Let t(b) = -b**3 + 9*b**2 - 9*b + 6. Let s be t(j). Is (-745)/s + 2/4 a composite number?
False
Let z(c) = c**2 + 1. Let h(s) = 18*s**2 - 5*s + 6. Let u(d) = h(d) + z(d). Suppose -q - q + 6 = 0. Is u(q) prime?
True
Let r(i) = -i**3 + 3*i**2 - 1. Let n be r(3). Let u(l) = -315*l**2 + 1. Let z be u(n). Let v = 527 + z. Is v a composite number?
True
Suppose 1716636 = 161*f - 149*f. Is f a composite number?
False
Let d = 76834 + -12173. Is d a prime number?
True
Let g(s) = 86*s + 16. Let d(l) = -172*l - 33. Let p = -37 - -34. Let i(z) = p*d(z) - 7*g(z). Is i(-4) composite?
False
Let m(l) = -7*l + 265. Let a(i) = i**3 - 15*i**2 - i + 15. Let g be a(15). Is m(g) a prime number?
False
Suppose 11*j - 234660 = -9*j. Is j a composite number?
True
Let v = 29 - 1. Suppose -30*m + 874 = -v*m. Is m composite?
True
Suppose 2*p = -381 - 631. Let g = -314 - p. Let o = g + -1. Is o a composite number?
False
Let q = 85 - -25. Suppose -3*d = -w + 122, 0*d + 461 = 4*w - 3*d. Let y = q + w. Is y a composite number?
False
Let k = 19833 - 4832. Is k prime?
False
Let k = 1267 + 7447. Is k composite?
True
Let p be (-3)/((-4)/((-168)/(-9))). Suppose -4*c - 9 = 5*g + 4, -2*c - 4*g = p. Suppose -c*j - 4*o + 147 = 2*j, 3*j = 4*o + 101. Is j composite?
False
Let a be (95/20 + 0)*872. Suppose -6486 = -4*v + a. Is v a composite number?
False
Suppose 0 = -0*q + 5*q - 18955. Is q a prime number?
False
Let k = -96 - 100. Let g be ((-9)/(-6) + -1)*k. Let t = 24 - g. Is t prime?
False
Let d(y) be the first derivative of -y**3/3 - 7*y**2/2 - 10*y - 4. Let n be d(-4). Suppose 3*m = -2*o + 466, 0 = -n*o + 3*m - 4*m + 466. Is o a prime number?
True
Let h(i) = i - 8. Suppose 2 + 10 = 2*d. Let t be h(d). Let z(f) = -9*f**3 + 2*f**2 + f - 1. Is z(t) a prime number?
False
Suppose 2*s + 2*d = s + 10, 4*s - 3*d = 7. Suppose s*j + 435 = 2599. Is j composite?
False
Let a = -15949 + 22440. Is a a composite number?
False
Suppose 0 = 3*q + q - 2*l - 50, -l = 3*q - 30. Suppose -q*n = -8*n - 42. Is n*109/4*2 composite?
True
Let i(n) = n + 2. Let h be i(-4). Let f(r) = -121*r**3 + 4*r**2 + 2*r - 1. Is f(h) prime?
False
Suppose -36*y - 217552 = -52*y. Is y prime?
True
Let r(v) = v**2 + 2*v - 788. Let t be r(0). Is t/(-3)*9/(-6)*-1 composite?
True
Let a be 119/(-17)*(-2)/7. Suppose -3*v - 2*j + 2011 = 0, 4*v - a*j = -0*j + 2672. Is v a prime number?
False
Suppose 19*r + 2979 = 7558. Suppose n + 3*n - 85 = o, 0 = -3*n - o + 62. Suppose n = 2*z - r. Is z a composite number?
False
Suppose 34 = -i + 41. Is 3 - 4 - i/(14/(-2964)) a prime number?
True
Let j = 6 - 4. Suppose 0 = j*a - 23 - 1. Suppose 2*m - 285 = -0*m + w, a = -4*w. Is m prime?
False
Suppose -48183 = -4*h + 126109. Is h a composite number?
False
Let y = -29 + 43. Let k be (-112)/(y/(-6) - -3). Is k/(-9) + 2/6 a prime number?
True
Suppose 53*r - 58*r + 8785 = 0. Is r a prime number?
False
Let b = -152 - -1651. Is b a prime number?
True
Suppose 2*s = -4*w - 92, 50 - 12 = -2*w - 3*s. Is 2819 - ((-10)/w - 4/10) a prime number?
True
Let g(t) = 13*t - 4. Let c be (2/(-4))/((-1)/(-12)). Let j be g(c). Let d = j - -221. Is d a prime number?
True
Let a(l) = -l**3 + 4*l**2 + l - 2. Let h be a(4). Let i be (-3)/h*56/(-6). Let m = 28 - i. Is m composite?
True
Suppose 8*t - 3*t - 10265 = 0. Is t composite?
False
Suppose -t - v = -14592, -5*v - 72950 = -10*t + 5*t. Is t a prime number?
True
Suppose 0 = -2*f - 5*z + 8, -5*f = -2*z - z - 20. Suppose 1753 = y - f*g, -3*y + 5214 = -3*g - 0*g. Is y a composite number?
False
Is (-3046)/2*(-108 - -107) composite?
False
Let v = 71 + -122. Let z = 40 - v. Is z a composite number?
True
Let m = 2531 - 1622. Let i = -368 + m. Is i a composite number?
False
Suppose -4*h + 9 = -7*h, -5*h = 4*j - 15941. Is j composite?
False
Let t(c) be the second derivative of -97*c**3/6 + 4*c**2 + 4*c. Let h be t(-10). Suppose 1186 = 4*n - h. Is n a composite number?
False
Let r(j) = 4*j + 12. Let s be r(-10). Let d(v) = -v**3 - v**2 - 2*v + 77. Let g be d(0). Let p = g + s. Is p composite?
True
Suppose 0 = 4*j - 3*j + 17. Let y = -5 - j. Suppose -45 = -5*u - 5*q, 0*q = -4*q + y. Is u prime?
False
Suppose -2*j = -j + 3*z - 5144, -3*j + 3*z + 15372 = 0. Is j a composite number?
True
Suppose 0 = 4*f - 6*f + 14. Is 1612/28 - 4/f a composite number?
True
Let d(n) = -2*n**3 + 2*n**2 - 5*n + 6. Let m be d(4). Let b = m + 556. Is b a composite number?
True
Suppose 23*a = 28*a - 13190. Is a prime?
False
Let w(m) = -9*m - 21. Let z be w(10). Let r = 198 + z. Is r prime?
False
Let g(a) = -13*a**3 + 4*a**2 - 12*a - 8. Is g(-9) prime?
True
Suppose 417 - 1224 = -3*u. Let q = u + 228. Is q a composite number?
True
Suppose -185*v + 192*v = 601909. Is v a composite number?
True
Let k(m) = 113*m + 1. Let p(b) = b. Let c(r) = -k(r) - 4*p(r). Let g be (2/5)/(2/(-30)). Is c(g) a prime number?
True
Suppose 47*z = 53*z - 239502. Is z composite?
True
Let l be (-161)/(-49) + 4/(-14). Suppose i - 5 = l*f, -19 = -2*i - 2*f + 31. Is (-15)/i*8/(-2) prime?
True
Suppose -5*c - 20 = 0, j + c - 1 = -0*c. Suppose -3*q = -3*s - 450, j*s - 212 - 230 = -3*q. Is q a composite number?
False
Let y = 4627 + -2285. Is y a prime number?
False
Suppose 0 = 3*t + q - 27651, 35*t + 3*q - 18434 = 33*t. Is t a prime number?
False
Suppose -5*a - 228382 = -3*n, -143*a + 142*a + 1 = 0. Is n a composite number?
False
Let f(j) = -j**3 + 11*j**2 + 12*j + 2. Let s be f(12). Let b(n) = 3 - 6*n**3 - 6*n**s - n**3 - 6 + 5*n**2. Is b(-3) prime?
False
Suppose 12*t - 16*t - 20 = 0. Is